 170386 a composite number?
True
Is 32467993 a prime number?
True
Is 34898387 prime?
True
Is 14550379 composite?
False
Is 42987779 prime?
True
Is 6905257 prime?
False
Is 573369969 a composite number?
True
Is 39367877 prime?
False
Is 522362285 composite?
True
Is 173297261 a prime number?
True
Is 4118693 prime?
True
Is 12501551 a composite number?
True
Is 69492659 prime?
True
Is 1385029 a composite number?
True
Is 103664069 composite?
False
Is 173591662 a prime number?
False
Is 1890079 composite?
False
Is 7741597 composite?
True
Is 27368423 prime?
False
Is 170188121 a composite number?
True
Is 1311569 prime?
False
Is 50746471 a composite number?
True
Is 33450163 a prime number?
True
Is 3592454 composite?
True
Is 62215523 prime?
False
Is 6417241 prime?
False
Is 17006611 composite?
True
Is 33649879 a prime number?
False
Is 832103 composite?
False
Is 15582121 a composite number?
True
Is 7094251 a prime number?
True
Is 10071859 composite?
True
Is 2871061 prime?
True
Is 2575435 composite?
True
Is 44933801 a prime number?
False
Is 872341 a prime number?
False
Is 7479869 composite?
True
Is 10539377 a prime number?
False
Is 125741983 composite?
True
Is 5284769 a composite number?
True
Is 369647 prime?
True
Is 1070687 a composite number?
True
Is 3261959 a prime number?
False
Is 14905567 a composite number?
False
Is 1742239 composite?
True
Is 4016938 prime?
False
Is 1184687 composite?
True
Is 2038051253 a prime number?
False
Is 267974087 a prime number?
True
Is 49133423 a prime number?
False
Is 3163231 prime?
True
Is 2382211 a composite number?
True
Is 52302707 prime?
False
Is 46454203 composite?
True
Is 38660429 composite?
False
Is 16368551 prime?
False
Is 25385359 composite?
False
Is 1431915263 a composite number?
False
Is 3131833 a composite number?
False
Is 70276114 a composite number?
True
Is 16343389 composite?
False
Is 604336891 a prime number?
False
Is 40502069 prime?
True
Is 4441319 prime?
False
Is 250777173 prime?
False
Is 1153591807 a composite number?
False
Is 1317751 prime?
True
Is 7261151 composite?
True
Is 1169873 a composite number?
False
Is 69256613 a prime number?
False
Is 776273741 prime?
True
Is 39883993 a composite number?
False
Is 20154653 composite?
False
Is 35761 composite?
True
Is 37453859 composite?
True
Is 45769807 a prime number?
True
Is 121587 prime?
False
Is 47146763 prime?
False
Is 2636363 a composite number?
True
Is 271786789 a prime number?
False
Is 11938145 a prime number?
False
Is 21548923 a prime number?
False
Is 2159177 prime?
True
Is 9395369 prime?
False
Is 77428187 prime?
False
Is 58323665 composite?
True
Is 983861 composite?
False
Is 103328051 a prime number?
True
Is 56378461 a prime number?
False
Is 66699121 prime?
False
Is 14193577 a prime number?
False
Is 9203809 a prime number?
False
Is 36822547 a composite number?
True
Is 10410737 prime?
False
Is 7778221 a composite number?
True
Is 51129913 a prime number?
True
Is 147162493 prime?
True
Is 31114949 prime?
False
Is 16883929 a composite number?
True
Is 238169137 prime?
False
Is 822850097 prime?
True
Is 804454957 a composite number?
True
Is 419729 prime?
False
Is 65056934 prime?
False
Is 8739727 a composite number?
True
Is 11922847 prime?
True
Is 3077005 composite?
True
Is 1427323 a prime number?
True
Is 17563099 a prime number?
False
Is 217892881 composite?
False
Is 2130445 prime?
False
Is 56543471 a composite number?
False
Is 263173 prime?
False
Is 11350813 prime?
True
Is 4259293 a composite number?
True
Is 7763017 composite?
True
Is 6910417 composite?
True
Is 4051939 a prime number?
True
Is 29210241 prime?
False
Is 62963323 composite?
False
Is 3609433 composite?
False
Is 1196958589 prime?
False
Is 89572369 a composite number?
False
Is 5832313 a prime number?
True
Is 5722865 a composite number?
True
Is 4768231 composite?
True
Is 2934661 a prime number?
False
Is 56445773 a composite number?
False
Is 63137407 a prime number?
True
Is 1328051 a composite number?
False
Is 11189509 a prime number?
True
Is 437259 prime?
False
Is 95046287 composite?
True
Is 98272267 a prime number?
False
Is 67719811 prime?
True
Is 1246391 composite?
True
Is 93142141 a composite number?
False
Is 863251 a prime number?
True
Is 2488201 a prime number?
False
Is 13568039 a prime number?
True
Is 164073331 a composite number?
False
Is 2946371 a prime number?
False
Is 56959759 prime?
True
Is 2029487 a composite number?
True
Is 2013877 a composite number?
False
Is 204486307 composite?
True
Is 10707689 a prime number?
False
Is 1993189 a composite number?
True
Is 24752471 a prime number?
False
Is 5832646 composite?
True
Is 2521939 a composite number?
True
Is 815123 composite?
False
Is 13812893 a composite number?
True
Is 565969 prime?
False
Is 351811 a prime number?
True
Is 10156207 prime?
False
Is 78708121 composite?
False
Is 259889677 composite?
True
Is 1217027 a prime number?
False
Is 6175731 a prime number?
False
Is 7397851 a prime number?
True
Is 7598845 prime?
False
Is 37016657 prime?
False
Is 28351759 composite?
True
Is 711252041 prime?
True
Is 61236433 a composite number?
True
Is 48078563 prime?
False
Is 351727 a prime number?
True
Is 68747953 prime?
False
Is 391641757 a composite number?
True
Is 1878013 a prime number?
True
Is 20420167 a prime number?
True
Is 1745633 a prime number?
False
Is 6185353 a prime number?
True
Is 38312479 prime?
True
Is 3796469 prime?
True
Is 876229 prime?
True
Is 3828211 composite?
True
Is 12503746 prime?
False
Is 365425877 a prime number?
True
Is 8232113 composite?
False
Is 3823349 a prime number?
True
Is 9844517 a prime number?
True
Is 105622063 composite?
True
Is 83063723 a prime number?
True
Is 844549 a composite number?
False
Is 163811 composite?
False
Is 61323737 prime?
True
Is 181855183 composite?
False
Is 59006993 a prime number?
True
Is 19455461 a prime number?
True
Is 77036579 a prime number?
False
Is 72442657 a prime number?
False
Is 16961333 a composite number?
False
Is 166603391 a composite number?
True
Is 3002039 a composite number?
False
Is 6734369 prime?
True
Is 42642703 prime?
True
Is 1976063 composite?
True
Is 2174171 a composite number?
False
Is 15025339 a composite number?
True
Is 1191667 a prime number?
True
Is 144289 composite?
False
Is 398707 a composite number?
True
Is 35338153 composite?
True
Is 29964079 a prime number?
False
Is 19144927 a prime number?
False
Is 7142287 composite?
True
Is 15446566 a composite number?
True
Is 220819 a composite number?
True
Is 13553863 composite?
False
Is 7604309 a composite number?
False
Is 16061093 a composite number?
False
Is 195470057 prime?
True
Is 968046077 prime?
False
Is 100817621 a composite number?
False
Is 233767 composite?
True
Is 492967 a composite number?
False
Is 6543679 prime?
True
Is 121206758 composite?
True
Is 30334531 prime?
True
Is 18309041 a prime number?
False
Is 5035421 composite?
False
Is 26636293 prime?
True
Is 4370861 prime?
False
Is 2454833 prime?
True
Is 26528071 a prime number?
True
Is 5231483 composite?
False
Is 2075077 a prime number?
True
Is 349241 composite?
False
Is 97279163 a composite number?
False
Is 359311 a prime number?
True
Is 759687 a prime number?
False
Is 9417911 composite?
False
Is 20621011 prime?
False
Is 1738229 prime?
False
Is 237462871 prime?
True
Is 11410103 a composite number?
False
Is 152111 a composite number?
False
Is 1081177 prime?
False
Is 354428371 prime?
False
Is 124352617 prime?
True
Is 6551141 prime?
True
Is 967649 prime?
False
Is 50519081 prime?
False
Is 36923281 composite?
True
Is 158264591 a prime number?
True
Is 27960161 prime?
True
Is 37175179 prime?
True
Is 6337841 a prime number?
False
Is 1433903 composite?
False
Is 5884919 composite?
False
Is 2112949 composite?
True
Is 8376463 a prime number?
True
Is 939013 a composite number?
True
Is 2056517 composite?
False
Is 4040549 a composite number?
False
Is 8466079 composite?
False
Is 2086849 prime?
False
Is 98570773 prime?
False
Is 448014137 prime?
True
Is 121545667 prime?
True
Is 6260677 a composite number?
True
Is 164560337 prime?
True
Is 347233 a prime number?
True
Is 8149027 a prime number?
True
Is 736873 a prime number?
False
Is 68684599 a composite number?
False
Is 94692973 a composite number?
True
Is 33556301 prime?
True
Is 73543147 composite?
False
Is 994771511 a composite number?
T